 of 1581 and 5253?
51
Calculate the highest common factor of 14 and 400386.
14
Calculate the greatest common divisor of 94208 and 460.
92
Calculate the greatest common divisor of 338054 and 92.
46
What is the greatest common divisor of 3360 and 525?
105
What is the highest common factor of 91470 and 600?
30
Calculate the greatest common divisor of 350 and 14950.
50
What is the greatest common divisor of 5429 and 3649?
89
Calculate the highest common divisor of 1968 and 6416.
16
Calculate the greatest common divisor of 368 and 289754.
46
Calculate the greatest common factor of 67013 and 76.
19
What is the greatest common divisor of 1215 and 24165?
135
What is the highest common factor of 540 and 4965?
15
Calculate the greatest common factor of 7849 and 5845.
167
Calculate the highest common divisor of 127385 and 292.
73
Calculate the highest common divisor of 988372 and 1232.
308
Calculate the highest common factor of 26 and 164034.
26
What is the highest common factor of 134292 and 44403?
1083
Calculate the highest common factor of 272501 and 379.
379
What is the greatest common factor of 687127 and 518?
259
Calculate the greatest common factor of 2620 and 2077136.
524
Calculate the highest common divisor of 116 and 6884.
4
What is the greatest common divisor of 423 and 1504?
47
What is the greatest common factor of 15252 and 1148?
164
Calculate the highest common divisor of 403 and 376402.
403
What is the greatest common divisor of 131 and 82923?
131
Calculate the greatest common divisor of 355 and 4985.
5
Calculate the greatest common factor of 8866 and 15158.
286
What is the highest common divisor of 4416 and 11385?
69
What is the greatest common factor of 16133 and 767?
13
What is the greatest common factor of 257208 and 128?
8
What is the highest common factor of 2774019 and 123?
123
What is the greatest common factor of 85760 and 753080?
2680
Calculate the highest common factor of 2321 and 181249.
211
Calculate the highest common divisor of 44 and 34964.
4
What is the highest common divisor of 11 and 69971?
11
Calculate the highest common factor of 23632 and 712.
8
Calculate the highest common factor of 310 and 2254320.
310
What is the greatest common factor of 595 and 1836?
17
Calculate the highest common factor of 318 and 6228.
6
Calculate the greatest common divisor of 430 and 2494.
86
Calculate the greatest common divisor of 89250 and 9975.
525
Calculate the greatest common factor of 12330 and 135.
45
What is the greatest common divisor of 24915 and 17160?
165
Calculate the greatest common divisor of 2602 and 850.
2
What is the highest common factor of 76067 and 87?
29
Calculate the highest common divisor of 64 and 156608.
64
Calculate the greatest common factor of 549 and 9333.
549
What is the greatest common divisor of 14289 and 2211?
33
Calculate the greatest common divisor of 225455 and 2345.
335
What is the highest common divisor of 10002933 and 81?
81
Calculate the highest common factor of 2688 and 1988.
28
What is the greatest common factor of 1286510 and 1270?
1270
What is the highest common divisor of 360 and 20760?
120
Calculate the highest common factor of 21903 and 447.
447
What is the greatest common factor of 21056 and 611?
47
What is the greatest common factor of 378029 and 629?
629
Calculate the highest common divisor of 25174 and 6754.
614
What is the greatest common divisor of 4 and 9428?
4
Calculate the highest common factor of 1767 and 275063.
589
Calculate the highest common factor of 165 and 3377.
11
What is the highest common divisor of 119836 and 28?
4
What is the greatest common divisor of 65646 and 126?
126
What is the greatest common factor of 4125 and 398000?
125
Calculate the highest common divisor of 11442 and 42.
6
Calculate the greatest common factor of 11479 and 13.
13
What is the greatest common factor of 22 and 4276?
2
Calculate the highest common divisor of 46958 and 886.
886
Calculate the greatest common factor of 540075 and 2280.
285
What is the highest common factor of 2185 and 10649?
23
Calculate the greatest common divisor of 17472 and 256.
64
What is the greatest common factor of 12733 and 119?
119
Calculate the highest common factor of 129398 and 638.
58
Calculate the greatest common divisor of 26 and 251914.
26
What is the greatest common divisor of 403 and 364?
13
What is the greatest common divisor of 106990 and 9053?
823
Calculate the highest common factor of 1566 and 42166.
58
What is the greatest common factor of 870 and 6206?
58
What is the greatest common divisor of 3519 and 8257?
23
Calculate the greatest common divisor of 388 and 646990.
194
What is the greatest common factor of 1554 and 8214?
222
Calculate the highest common factor of 724160 and 1752.
584
Calculate the greatest common factor of 126 and 18666.
18
Calculate the highest common divisor of 30261 and 63.
21
Calculate the greatest common divisor of 14495 and 30997.
223
What is the highest common divisor of 3150632 and 1656?
184
What is the greatest common divisor of 19 and 12421117?
19
What is the greatest common factor of 1856 and 5436?
4
What is the greatest common factor of 429170 and 70?
70
Calculate the greatest common divisor of 19 and 2375.
19
Calculate the highest common divisor of 4185 and 2835.
135
Calculate the highest common factor of 89494 and 116.
58
What is the greatest common divisor of 850 and 3725?
25
What is the highest common factor of 9408 and 5194?
98
What is the greatest common divisor of 77 and 72160?
11
Calculate the greatest common factor of 247081 and 633.
211
What is the highest common factor of 16 and 4760368?
16
Calculate the highest common divisor of 50169 and 21.
21
What is the highest common factor of 308 and 14636468?
308
What is the highest common factor of 1278504 and 1?
1
What is the greatest common factor of 4431196 and 308?
308
Calculate the highest common factor of 8991657 and 5202.
2601
Calculate the greatest common factor of 882 and 6475203.
441
Calculate the greatest common divisor of 2497 and 9080.
227
What is the greatest common divisor of 941036 and 558?
62
What is the greatest common divisor of 597 and 195?
3
Calculate the greatest common factor of 117257 and 784.
49
What is the greatest common divisor of 86785 and 255?
85
What is the highest common divisor of 63 and 123972?
3
What is the highest common divisor of 112 and 59416?
56
Calculate the greatest common divisor of 40 and 963500.
20
What is the greatest common factor of 864 and 1888?
32
What is the highest common factor of 1085 and 7285?
155
What is the highest common factor of 14378 and 3239?
79
Calculate the highest common divisor of 30 and 1431370.
10
What is the greatest common divisor of 4710 and 276948?
942
Calculate the highest common factor of 567701 and 19.
19
What is the highest common factor of 300 and 2570?
10
What is the greatest common divisor of 50702 and 303?
101
Calculate the highest common factor of 1503 and 29853.
9
Calculate the greatest common divisor of 103 and 4208168.
103
What is the greatest common factor of 76908 and 36?
12
What is the highest common divisor of 50 and 22310?
10
Calculate the highest common divisor of 225 and 10656.
9
Calculate the highest common divisor of 2465219 and 15449.
2207
What is the highest common factor of 167936 and 82?
82
What is the greatest common divisor of 112 and 38178?
14
Calculate the greatest common divisor of 402 and 172391.
67
Calculate the greatest common factor of 520 and 40638.
26
What is the greatest common divisor of 12187 and 21?
7
What is the greatest common divisor of 1666 and 626654?
238
Calculate the highest common factor of 378 and 65982.
42
What is the highest common factor of 214 and 173233?
107
What is the highest common factor of 2256 and 18189?
141
Calculate the greatest common divisor of 199962 and 5313.
483
What is the highest common divisor of 2227585 and 370?
185
Calculate the greatest common factor of 36 and 186996.
12
What is the greatest common divisor of 1773 and 3152?
197
Calculate the highest common divisor of 414649 and 774.
43
Calculate the highest common divisor of 118236 and 28674.
354
Calculate the highest common factor of 4056 and 5928.
312
Calculate the greatest common factor of 688 and 75136.
16
What is the greatest